ivided by b?
1
Let f(a) = 5*a + 7. Let j be f(5). Let c = 51 - j. Let s = -23 + 60. What is the remainder when s is divided by c?
18
Let i = -7 + 7. What is the remainder when (i + (-2 - -3))*9 is divided by 3?
0
Suppose 4*z + 6 = 3*p, 5*z + 2 - 12 = -5*p. Let v = -393 - -424. Calculate the remainder when v is divided by 1*(z - (-16 - 0)).
15
Suppose -11 - 21 = -4*u. What is the remainder when 14 is divided by u?
6
Let s be ((-2)/1)/((-4)/10). Suppose 0 = 4*c - s*c + 1. Let y = c + 1. What is the remainder when 2 is divided by y?
0
Let s(v) = -v**2 - 8*v - 5. Let j be s(-6). Let g(n) = n - 1. Let p be g(-1). Let l = j - p. Calculate the remainder when l is divided by 5.
4
Let t = 59 + -49. Calculate the remainder when 127 is divided by t.
7
Let f = -17 - -18. Calculate the remainder when 4 is divided by f.
0
Let b(x) = 3*x + 7. Calculate the remainder when 30 is divided by b(3).
14
Let w = 7 - 3. Calculate the remainder when w is divided by (-2)/((-16)/6 - -2).
1
Let z = -8 + -7. Let v = 10 + z. Let f(o) = -o**3 - 3*o**2 + 8*o + 3. Calculate the remainder when f(v) is divided by 7.
6
Let p(g) = -g**3 - 5*g**2 - 2*g - 8. Let r be p(-5). Suppose -5*f - 6*x + 5*x + 74 = 0, r*f - 28 = -2*x. What is the remainder when f is divided by 4?
3
Suppose -4*j + 140 = -60. Calculate the remainder when j is divided by 26.
24
Let w = -24 - -36. Let y(l) = l**2 - 6*l - 17. Calculate the remainder when y(-4) is divided by w.
11
Suppose -2 = -q - 79. Let j = 148 + q. Let b = j + -24. What is the remainder when b is divided by 24?
23
Let k(z) = -z**3 + 3*z**2 - 1. Let c(r) = 7*r - 6. Let b be c(3). Let w = b - 11. What is the remainder when w is divided by k(2)?
1
Suppose 4*z + 12 = 0, -3*k + 2*z = -3*z - 123. Suppose -5*u = -14 - k. What is the remainder when 27 is divided by u?
7
Let v(h) = -h**3 - 11*h**2 - 15*h - 6. What is the remainder when v(-10) is divided by 15?
14
Suppose -4*c - 3*t = -135, -3*c - 26*t = -23*t - 102. Calculate the remainder when c is divided by 17.
16
Suppose -2*q - 92 = -2*o + 4*o, -46 = o - 4*q. Let f = -28 - o. Suppose -5*n + f = -17. What is the remainder when n is divided by 3?
1
Suppose 3*q - 263 = 229. What is the remainder when 22 is divided by q/14 + 4/14?
10
Let k be -3 + (1 - -1) - -72. Suppose -5*s = 4*x - 346, 0*s - x - k = -s. Calculate the remainder when s is divided by 18.
16
Let a = -100 + 113. Calculate the remainder when 23 is divided by a.
10
Let t = 2 + 0. Let y be t - 4*(-3)/6. Suppose -o = -r - y*r + 8, 3*r + 3 = -2*o. What is the remainder when r is divided by 1?
0
Suppose -3*k - 20 = -7*k, -3*k = -3*c - 9. Let f be (2 - (2 + -2)) + -14. What is the remainder when (-4 - -1)*8/f is divided by c?
0
Suppose 5*u = -0*u. Suppose -3*h - 15 = 0, u*h - 3*h = -y + 21. Calculate the remainder when y is divided by 2.
0
Let v(j) = -j**3 + 6*j**2 - 7*j + 7. Let y be v(5). Let k = -8 - y. Let n = k + 11. What is the remainder when 11 is divided by n?
5
Let i = 22 + -1. Let j = i - 14. Suppose -2*l + 32 = -z + 5*z, -5*l + 104 = -2*z. Calculate the remainder when l is divided by j.
6
Suppose -324 - 180 = -4*s. Suppose -r + 34 = h, -4*h = -2*r + 4*r - s. What is the remainder when h is divided by 10?
9
Let n(d) = 9*d. Let u = -2 + 5. Let t = -9 - -23. Calculate the remainder when n(u) is divided by t.
13
Let v be (-5)/(-1) + (4 - 2). Suppose 0 = v*z - 4*z - 36. Calculate the remainder when 34 is divided by z.
10
Let n = -6 + 6. Suppose -4*x + 10 - 2 = n. Suppose 0*i - 34 = -x*i. Calculate the remainder when 32 is divided by i.
15
Let o(g) = -g**2 + 18*g - 61. Suppose 4*a - d - 50 = 11, -5*a - 2*d = -60. What is the remainder when a is divided by o(13)?
2
Suppose 3*y - 4*y + 5 = 0. Suppose -11 - 14 = -y*j. Suppose -j*p = -124 + 19. Calculate the remainder when 83 is divided by p.
20
Suppose -4*c + 25 = -3. Let v(n) = n**2 - 5*n - 9. Calculate the remainder when v(-4) is divided by c.
6
Suppose -d = -0*d. Let w be 2/(6/3) + 1. Suppose -4*q - w*y + 42 = -d*y, -2*y - 22 = -4*q. What is the remainder when 13 is divided by q?
5
What is the remainder when 2035/88 - (-2)/(-16) is divided by 12?
11
Suppose -t = 3*t - 36. Let w = t - 5. What is the remainder when -1 + 3 + 0 + 4 is divided by w?
2
Suppose -2*t = -6*t + 56. Let b = 3 - -2. Calculate the remainder when t is divided by b.
4
Let p = 1 - 1. Suppose 4*t + 4 = p, -3*o - t + 135 = 2*t. Suppose 2*d + 4*v - o = 0, -3*d - 2*v - 3*v + 64 = 0. Calculate the remainder when 25 is divided by d.
12
Let p = 10 - 25. Suppose 0 = -5*r + 3*r - 6. Let z = r - p. Calculate the remainder when 47 is divided by z.
11
Let k(s) = 24*s**2 - 5*s + 7. Calculate the remainder when k(2) is divided by 16.
13
Suppose 3*p = 5*m - 54, 3 = -m - p - 3*p. Let a(u) = u**2 - u - 1. Calculate the remainder when m is divided by a(-2).
4
Let f(w) = -w**3 - 5*w**2 + w - 4. Let q be f(-5). What is the remainder when (q/4)/(3/(-80)) is divided by 21?
18
Let q(u) = u**3 - 9*u**2 + 12*u - 5. What is the remainder when q(8) is divided by 10?
7
Let f(x) = 3*x + 12. What is the remainder when f(6) is divided by 16?
14
Suppose 10*q = 96 - 6. What is the remainder when 16 is divided by q?
7
Let q(h) = -h**3 - 8*h**2 + 1. Let z be q(-8). What is the remainder when z + (-1 - 0) - -9 is divided by 5?
4
Suppose 0 = -11*q - 2*q + 234. What is the remainder when 71 is divided by q?
17
Suppose i + 2*s + 3 + 3 = 0, -5*i + 4*s + 12 = 0. Let j = 4 - 2. Suppose i = -v - 0 + j. Calculate the remainder when v is divided by 2.
0
Let q be (-6)/(1*(1 - 0)). Suppose 3*v - 9 = 0, -4*h + 7*h = -5*v + 18. Calculate the remainder when 2/q + 14/6 is divided by h.
0
Let r be (1/2)/(4/504). Suppose -q = -r + 1. What is the remainder when q is divided by 16?
14
Suppose -119 + 5 = -2*v. Calculate the remainder when v is divided by (-5)/(-5) - (-1 + -13).
12
Let t = 33 - -20. Suppose -6 + 2 = n, 3*f = 5*n - 43. Let x = f - -39. Calculate the remainder when t is divided by x.
17
Let u = 11 + -6. Suppose -2 = u*a - k - 82, 0 = 5*a - 3*k - 90. What is the remainder when 57 is divided by a?
12
Let x(v) = -v - 1 + v**2 + 0*v - 1 - v. Calculate the remainder when x(7) is divided by 17.
16
Suppose 2*g = 7*g - 245. What is the remainder when 25 - 4*(-3)/(-6) is divided by 2/(-8) + g/4?
11
Let w(s) = 9*s - 1. Let t = 0 - -1. Let f be w(t). Suppose 4*g = z - 0*g - f, -8 = -4*g. What is the remainder when z is divided by 6?
4
Let n be ((-4)/6)/((-3)/81). Let r be n/10 + 1/5. What is the remainder when (40 + 0)/r + -1 is divided by 11?
8
Let g(r) = r**2 - 11*r - 57. Calculate the remainder when g(18) is divided by (9/(-2))/((-2)/8).
15
Let k(u) = -u**3 - 6*u**2 + u + 4. Let o be k(-6). What is the remainder when 19 is divided by (o/(-3) - 3)*-3?
5
Let f(u) = -4*u - 61. Calculate the remainder when 24 is divided by f(-17).
3
Let w(g) = -4*g**3 + 2*g**2 - g - 3. What is the remainder when w(-2) is divided by 8?
7
Let g(v) = -2*v**3 - 19*v**2 + 61*v + 14. What is the remainder when (-7)/(1 - 0)*-1 is divided by g(-12)?
1
Suppose -5*l + 6 = -2*l + 4*z, -3*z + 10 = 5*l. Let n(d) = d**2 + d - 1. What is the remainder when 0 - 6/(-15) - (-340)/25 is divided by n(l)?
4
Let m(c) = -c**3 - 4*c**2 - 3*c - 6. Calculate the remainder when 9 is divided by m(-4).
3
Suppose l + 38 = 3*l. What is the remainder when l is divided by 11?
8
Let x = 35 + -21. Let n = -17 + 44. What is the remainder when n is divided by x?
13
Let g(c) = 9*c**2 + 1. Calculate the remainder when 19 is divided by g(1).
9
Let j(s) = s**3 + 5*s**2 + 5*s - 6. Let y(u) = -2*u**3 - 9*u**2 - 11*u + 12. Let n(d) = 5*j(d) + 2*y(d). Calculate the remainder when n(-5) is divided by 10.
9
Let n(c) = 2*c + 44. What is the remainder when n(9) is divided by 21?
20
Let n(p) = p**2 + p - 3. Let g be n(4). Let c = g - 10. Let s = -29 + 42. Calculate the remainder when s is divided by c.
6
Let w(k) = 4*k - 10. Suppose 6*c + 4*g = 2*c + 4, 3*g + 3 = 0. Suppose c*p = -6, 2*n - 48 = -3*n + p. Calculate the remainder when w(n) is divided by 14.
12
Let d = 83 + -71. Calculate the remainder when 19 is divided by d.
7
Let q(f) = -f**3 + 13*f**2 + 14. Let i be q(13). Let l = 47 + -12. Calculate the remainder when l is divided by 7/(i/4) - -7.
8
Suppose -26*c + 25*c + 27 = 0. Calculate the remainder when 80 is divided by c.
26
Su